{"id":144,"date":"2021-03-09T18:05:22","date_gmt":"2021-03-09T17:05:22","guid":{"rendered":"http:\/\/saint-martin-des-champs78.eu\/?page_id=144"},"modified":"2026-03-29T11:15:19","modified_gmt":"2026-03-29T09:15:19","slug":"presentation-plan-et-recensement","status":"publish","type":"page","link":"https:\/\/saint-martin-des-champs78.eu\/index.php\/le-village\/presentation-plan-et-recensement\/","title":{"rendered":"Village du pays houdanais"},"content":{"rendered":"\r\n\r\n\r\n\r\n\r\n<p><strong><span style=\"color: #ff6600;\">BIENVENUE A SAINT-MARTIN-DES-CHAMPS<\/span><\/strong><br \/><br \/>Saint-Martin-des-Champs est un joli petit village, situ\u00e9 dans le d\u00e9partement des Yvelines (78) et de la r\u00e9gion \u00cele de France. Il est situ\u00e9 en plaine \u00e0 17 km au nord-ouest de Houdan, \u00e0 15 km au sud-est de Mantes, \u00e0 35 km au nord-ouest de Versailles et \u00e0 50 km \u00e0 l\u2019ouest de Paris.<br \/>Le territoire communal s\u2019\u00e9tend de l\u2019est \u00e0 l\u2019ouest sur une longueur de 4 600 m et du nord au sud sur une largeur de 2 200 m. L\u2019altitude varie de 108 m \u00e0 168 m. Le point culminant est un\u00a0monticule sablonneux situ\u00e9 au hameau d\u2019Elleville.<\/p>\r\n\r\n\r\n\r\n<p>L&rsquo;habitat se r\u00e9partit en trois groupes principaux situ\u00e9s sur une ligne est-ouest : le bourg de Saint-Martin-des-Champs au centre et deux hameaux, Elleville \u00e0 l&rsquo;est et Corbeville \u00e0 l&rsquo;ouest.<\/p>\r\n\r\n\r\n\r\n<p>Il est constitu\u00e9 d&rsquo;habitations basses dans les trois noyaux urbains anciens et de maisons individuelles plus r\u00e9centes. L&rsquo;espace rural est principalement vou\u00e9 \u00e0 la grande culture c\u00e9r\u00e9ali\u00e8re, toutefois les surfaces bois\u00e9es occupent environ 30\u00a0% du territoire, principalement au nord-est, au nord d&rsquo;Elleville, et au sud-ouest, au sud de Corbeville.\u00a0<\/p>\r\n\r\n\r\n\r\n<p>Il est limit\u00e9 par les communes de Septeuil, Arnouvilles-l\u00e8s-Mantes, Goupill\u00e8res, Flexanville, Osmoy, Orgerus et Prunay-le-temple.<\/p>\r\n\r\n\r\n\r\n<p>\u00c0 Saint-Martin-des-Champs, on est imm\u00e9diatement s\u00e9duit par une atmosph\u00e8re de calme et de s\u00e9r\u00e9nit\u00e9. Ici, pas d\u2019industrie pour troubler l\u2019air ni le paysage : seulement, de temps \u00e0 autre, le passage d\u2019un tracteur qui rappelle le charme authentique de la vie rurale. Un cadre paisible, id\u00e9al pour se ressourcer au quotidien.<br \/><br \/>Le village ne compte pas de commerces, ce qui implique de se d\u00e9placer pour les besoins du quotidien. Toutefois, les services restent facilement accessibles : Septeuil se situe \u00e0 seulement 4 km et Orgerus \u00e0 5 km.<br \/><br \/><strong><span style=\"color: #ff6600;\">FICHE SIGNALETIQUE<\/span><\/strong><\/p>\r\n\r\n\r\n\r\n\r\n\r\n<p><strong>Gentil\u00e9<\/strong> : Saint-Martinois \/ Saint-Martinoise<br \/><strong>Arrondissement<\/strong> : Mantes la Jolie\u00a0<br \/><strong>Canton<\/strong> : Bonni\u00e8res-sur-Seine\u00a0<br \/>Membre de la <a href=\"https:\/\/www.cc-payshoudanais.fr\" target=\"_blank\" rel=\"noopener\">Communaut\u00e9 de Communes du Pays Houdanais ( CCPH )<\/a><\/p>\r\n\r\n\r\n\r\n\r\n\r\n\r\n\r\n<p><span style=\"color: #ff6600;\"><strong>PLAN<\/strong><\/span><\/p>\r\n<h2><img loading=\"lazy\" decoding=\"async\" class=\"aligncenter wp-image-194 \" src=\"https:\/\/saint-martin-des-champs78.eu\/wp-content\/uploads\/2021\/03\/Plan-St-Martin-2019-1024x724.jpg\" alt=\"\" width=\"558\" height=\"394\" srcset=\"https:\/\/saint-martin-des-champs78.eu\/wp-content\/uploads\/2021\/03\/Plan-St-Martin-2019-1024x724.jpg 1024w, https:\/\/saint-martin-des-champs78.eu\/wp-content\/uploads\/2021\/03\/Plan-St-Martin-2019-300x212.jpg 300w, https:\/\/saint-martin-des-champs78.eu\/wp-content\/uploads\/2021\/03\/Plan-St-Martin-2019-768x543.jpg 768w, https:\/\/saint-martin-des-champs78.eu\/wp-content\/uploads\/2021\/03\/Plan-St-Martin-2019-1536x1086.jpg 1536w, https:\/\/saint-martin-des-champs78.eu\/wp-content\/uploads\/2021\/03\/Plan-St-Martin-2019-2048x1448.jpg 2048w, https:\/\/saint-martin-des-champs78.eu\/wp-content\/uploads\/2021\/03\/Plan-St-Martin-2019-624x441.jpg 624w\" sizes=\"auto, (max-width: 558px) 100vw, 558px\" \/><\/h2>\r\n\r\n\r\n\r\n\r\n\r\n<p><span style=\"color: #ff6600;\"><strong><br \/>RECENSEMENT<\/strong><\/span><\/p>\r\n<p><strong><em>Evolution et structure de la population en 2017<br \/><\/em><\/strong>Sources : INSEE, RP2007, RP2012 et RP2017, exploitations\u00a0principales,\u00a0g\u00e9ographie\u00a0au 01\/01\/2020.<br \/><a href=\"https:\/\/saint-martin-des-champs78.eu\/wp-content\/uploads\/2021\/03\/Population2017.jpg\" target=\"_blank\" rel=\"noreferrer noopener\">Cliquez ici<\/a><\/p>\r\n\r\n\r\n\r\n\r\n\r\n\r\n\r\n\r\n\r\n<p><strong><em>Population en\u00a0historique\u00a0depuis\u00a01968<\/em><\/strong>\u00a0<br \/>Sources : INSEE, RP1967 \u00e0 1999\u00a0d\u00e9nombrements, RP2007 au RP2017 exploitations\u00a0principales.<br \/><a href=\"https:\/\/saint-martin-des-champs78.eu\/wp-content\/uploads\/2021\/03\/Population_Historique_1968_2017.jpg\" target=\"_blank\" rel=\"noreferrer noopener\">Cliquez ici<\/a><\/p>\r\n\r\n\r\n\r\n\r\n\r\n\r\n","protected":false},"excerpt":{"rendered":"<p>BIENVENUE A SAINT-MARTIN-DES-CHAMPS Saint-Martin-des-Champs est un joli petit village, situ\u00e9 dans le d\u00e9partement des Yvelines (78) et de la r\u00e9gion \u00cele de France. Il est situ\u00e9 en plaine \u00e0 17&#8230; <a href=\"https:\/\/saint-martin-des-champs78.eu\/index.php\/le-village\/presentation-plan-et-recensement\/\">Read more &raquo;<\/a><\/p>\n","protected":false},"author":1,"featured_media":0,"parent":20,"menu_order":1,"comment_status":"closed","ping_status":"closed","template":"","meta":{"footnotes":""},"class_list":["post-144","page","type-page","status-publish","hentry"],"_links":{"self":[{"href":"https:\/\/saint-martin-des-champs78.eu\/index.php\/wp-json\/wp\/v2\/pages\/144","targetHints":{"allow":["GET"]}}],"collection":[{"href":"https:\/\/saint-martin-des-champs78.eu\/index.php\/wp-json\/wp\/v2\/pages"}],"about":[{"href":"https:\/\/saint-martin-des-champs78.eu\/index.php\/wp-json\/wp\/v2\/types\/page"}],"author":[{"embeddable":true,"href":"https:\/\/saint-martin-des-champs78.eu\/index.php\/wp-json\/wp\/v2\/users\/1"}],"replies":[{"embeddable":true,"href":"https:\/\/saint-martin-des-champs78.eu\/index.php\/wp-json\/wp\/v2\/comments?post=144"}],"version-history":[{"count":19,"href":"https:\/\/saint-martin-des-champs78.eu\/index.php\/wp-json\/wp\/v2\/pages\/144\/revisions"}],"predecessor-version":[{"id":2175,"href":"https:\/\/saint-martin-des-champs78.eu\/index.php\/wp-json\/wp\/v2\/pages\/144\/revisions\/2175"}],"up":[{"embeddable":true,"href":"https:\/\/saint-martin-des-champs78.eu\/index.php\/wp-json\/wp\/v2\/pages\/20"}],"wp:attachment":[{"href":"https:\/\/saint-martin-des-champs78.eu\/index.php\/wp-json\/wp\/v2\/media?parent=144"}],"curies":[{"name":"wp","href":"https:\/\/api.w.org\/{rel}","templated":true}]}}