{"id":2203,"date":"2026-04-15T14:24:56","date_gmt":"2026-04-15T12:24:56","guid":{"rendered":"https:\/\/saint-martin-des-champs78.eu\/?page_id=2203"},"modified":"2026-04-15T14:32:31","modified_gmt":"2026-04-15T12:32:31","slug":"etudiants-seniors","status":"publish","type":"page","link":"https:\/\/saint-martin-des-champs78.eu\/index.php\/enfance-et-vie-scolaire\/etudiants-seniors\/","title":{"rendered":"Etudiants &#038; Seniors"},"content":{"rendered":"<p><span style=\"color: #ff6600;\"><strong>LE DISPOSITIF YES+<br \/>\n<\/strong><\/span><br \/>\nLe dispositif YES+ propose aux seniors habitant les Yvelines, des moments de partage, d\u2019\u00e9change et de lien social\u00a0avec des jeunes form\u00e9s pour devenir agent de convivialite\u0301.<\/p>\n<p>En lien avec les\u00a0Mairies, CCAS et les Services d\u2019aide a\u0300 domicile (SAD) du territoire, les agents de convivialit\u00e9 viennent \u00e0 la rencontre des personnes a\u0302ge\u0301es, \u00e0 leur domicile, en r\u00e9sidence autonomie ou en EHPAD ainsi que par t\u00e9l\u00e9phone.<\/p>\n<p>Ce service, mis en place par le d\u00e9partement, est totalement gratuit et s&rsquo;adresse aux personnes \u00e2g\u00e9es de 60 ans et plus.<\/p>\n<p><a href=\"https:\/\/yesplus.oyesplus.fr\/\">Cliquer ici<\/a><\/p>\n<p><strong>Le dispositif recrute et forme des \u00e9tudiants, lyc\u00e9ens +16 ans et jeunes en reprise d&rsquo;\u00e9tudes pour r\u00e9aliser des missions de convivialit\u00e9 r\u00e9mun\u00e9r\u00e9es (visites \u00e0 domicile, appels t\u00e9l\u00e9phoniques, activit\u00e9s collectifs, etc.)<\/strong><\/p>\n<p><a href=\"https:\/\/yesplus.oyesplus.fr\/job-etudiant\/\">Cliquer ici<\/a><\/p>\n<div data-node=\"ky7rmsalubzh\">\n<div data-node=\"5pi1ly4u6e9f\">\n<div>\n<div data-node=\"p9iucmhr27sf\">\n<div><\/div>\n<\/div>\n<\/div>\n<\/div>\n<\/div>\n<p>&nbsp;<\/p>\n","protected":false},"excerpt":{"rendered":"<p>LE DISPOSITIF YES+ Le dispositif YES+ propose aux seniors habitant les Yvelines, des moments de partage, d\u2019\u00e9change et de lien social\u00a0avec des jeunes form\u00e9s pour devenir agent de convivialite\u0301. En&#8230; <a href=\"https:\/\/saint-martin-des-champs78.eu\/index.php\/enfance-et-vie-scolaire\/etudiants-seniors\/\">Read more &raquo;<\/a><\/p>\n","protected":false},"author":1,"featured_media":0,"parent":80,"menu_order":6,"comment_status":"closed","ping_status":"closed","template":"","meta":{"footnotes":""},"class_list":["post-2203","page","type-page","status-publish","hentry"],"_links":{"self":[{"href":"https:\/\/saint-martin-des-champs78.eu\/index.php\/wp-json\/wp\/v2\/pages\/2203","targetHints":{"allow":["GET"]}}],"collection":[{"href":"https:\/\/saint-martin-des-champs78.eu\/index.php\/wp-json\/wp\/v2\/pages"}],"about":[{"href":"https:\/\/saint-martin-des-champs78.eu\/index.php\/wp-json\/wp\/v2\/types\/page"}],"author":[{"embeddable":true,"href":"https:\/\/saint-martin-des-champs78.eu\/index.php\/wp-json\/wp\/v2\/users\/1"}],"replies":[{"embeddable":true,"href":"https:\/\/saint-martin-des-champs78.eu\/index.php\/wp-json\/wp\/v2\/comments?post=2203"}],"version-history":[{"count":4,"href":"https:\/\/saint-martin-des-champs78.eu\/index.php\/wp-json\/wp\/v2\/pages\/2203\/revisions"}],"predecessor-version":[{"id":2208,"href":"https:\/\/saint-martin-des-champs78.eu\/index.php\/wp-json\/wp\/v2\/pages\/2203\/revisions\/2208"}],"up":[{"embeddable":true,"href":"https:\/\/saint-martin-des-champs78.eu\/index.php\/wp-json\/wp\/v2\/pages\/80"}],"wp:attachment":[{"href":"https:\/\/saint-martin-des-champs78.eu\/index.php\/wp-json\/wp\/v2\/media?parent=2203"}],"curies":[{"name":"wp","href":"https:\/\/api.w.org\/{rel}","templated":true}]}}