{"id":59,"date":"2021-03-06T23:35:53","date_gmt":"2021-03-06T22:35:53","guid":{"rendered":"http:\/\/saint-martin-des-champs78.eu\/?page_id=59"},"modified":"2026-03-30T09:31:03","modified_gmt":"2026-03-30T07:31:03","slug":"lutte-contre-le-bruit-et-obligation-des-riverains","status":"publish","type":"page","link":"https:\/\/saint-martin-des-champs78.eu\/index.php\/page-d-exemple\/lutte-contre-le-bruit-et-obligation-des-riverains\/","title":{"rendered":"Lutte contre le bruit et obligation des riverains"},"content":{"rendered":"\r\n<p><strong><span style=\"color: #ff6600;\">TRAVAUX DE BRICOLAGE ET JARDINAGE EFFECTUES PAR LES PARTICULIERS<\/span><br \/><\/strong>* les jours ouvrables de\u00a08 h 30\u00a0\u00e0\u00a012 h\u00a0et de\u00a014 h\u00a0\u00e0\u00a019 h 30\u00a0<br \/>* les samedis de\u00a09 h\u00a0\u00e0\u00a012 h\u00a0et de\u00a015 h\u00a0\u00e0\u00a019 h 00\u00a0<br \/>* les dimanches et jours f\u00e9ri\u00e9s de\u00a010 h\u00a0\u00e0\u00a012 h\u00a0<\/p>\r\n\r\n\r\n\r\n\r\n\r\n\r\n\r\n\r\n\r\n<p style=\"text-align: left;\"><strong><span style=\"color: #ff6600;\">BRULAGE DES DECHETS VEGETAUX<br \/><\/span><\/strong><strong>Le br\u00fblage des v\u00e9g\u00e9taux est interdit<\/strong>, compte-tenu de l\u2019existence d\u2019un service de ramassage et de d\u00e9ch\u00e8teries utilisable par les habitants. Vous pouvez \u00e9galement en faire un compost individuel.<\/p>\r\n<p>Ainsi, il est notamment interdit de br\u00fbler dans son jardin :\u00a0<br \/>* l&rsquo;herbe issue de la tonte de pelouse,<br \/>* les feuilles mortes,\u00a0<br \/><span style=\"font-size: 0.9rem;\">*\u00a0<\/span>les r\u00e9sidus d&rsquo;\u00e9lagage,\u00a0<br \/>* les r\u00e9sidus de taille de haies et arbustes,\u00a0<br \/>* les r\u00e9sidus de\u00a0d\u00e9broussaillage,\u00a0<br \/>* les \u00e9pluchures.\u00a0<\/p>\r\n\r\n\r\n\r\n\r\n\r\n\r\n\r\n\r\n\r\n<p><strong>Br\u00fbler ses d\u00e9chets verts dans son jardin peut \u00eatre puni d&rsquo;une amende pouvant aller jusqu&rsquo;\u00e0 450 \u20ac<\/strong><\/p>\r\n\r\n\r\n\r\n<p><strong><span style=\"color: #ff6600;\">OBLIGATION DE TENUE DES CHIENS<\/span><br \/><\/strong>Il est rappel\u00e9 que les propri\u00e9taires de chiens ne doivent pas laisser divaguer leurs b\u00eates sur la voie publique ou dans les champs. La commune a pass\u00e9 une convention avec une fourri\u00e8re qui prendra en charge les animaux errants. Dans ce cas, vous pouvez en informer la Mairie.<br \/><br \/><strong><span style=\"color: #ff6600;\">DEJECTIONS CANINES<\/span><\/strong><br \/>Les espaces publics, les trottoirs, les chemins publics, les entr\u00e9es priv\u00e9es de la commune sont r\u00e9guli\u00e8rement salis par des d\u00e9jections canines. Cette pollution favorise la prolif\u00e9ration de germes, nuit \u00e0 l\u2019hygi\u00e8ne publique et ternit l\u2019image de notre cadre de vie.<br \/>Il est donc rappel\u00e9 aux propri\u00e9taires de chiens qu\u2019ils en sont responsables et doivent, selon la r\u00e9glementation, en assumer la propret\u00e9. De ce fait, chaque propri\u00e9taire doit se munir de tout moyen pour ramasser les d\u00e9jections de son animal.<br \/><strong>A noter que l\u2019article R632-1 du Code p\u00e9nal et l\u2019article R541-76 du Code de l\u2019environnement classent les d\u00e9jections canines au m\u00eame rang que les d\u00e9chets, les ordures, les liquides et les liquides insalubres.<\/strong><br \/><strong>Par cons\u00e9quent, le fait d\u2019abandonner les crottes de son chien sur la voie publique expose \u00e0 une contravention de 2e classe.<\/strong><\/p>\r\n\r\n\r\n","protected":false},"excerpt":{"rendered":"<p>TRAVAUX DE BRICOLAGE ET JARDINAGE EFFECTUES PAR LES PARTICULIERS* les jours ouvrables de\u00a08 h 30\u00a0\u00e0\u00a012 h\u00a0et de\u00a014 h\u00a0\u00e0\u00a019 h 30\u00a0* les samedis de\u00a09 h\u00a0\u00e0\u00a012 h\u00a0et de\u00a015 h\u00a0\u00e0\u00a019 h 00\u00a0* les&#8230; <a href=\"https:\/\/saint-martin-des-champs78.eu\/index.php\/page-d-exemple\/lutte-contre-le-bruit-et-obligation-des-riverains\/\">Read more &raquo;<\/a><\/p>\n","protected":false},"author":1,"featured_media":0,"parent":2,"menu_order":5,"comment_status":"closed","ping_status":"closed","template":"","meta":{"footnotes":""},"class_list":["post-59","page","type-page","status-publish","hentry"],"_links":{"self":[{"href":"https:\/\/saint-martin-des-champs78.eu\/index.php\/wp-json\/wp\/v2\/pages\/59","targetHints":{"allow":["GET"]}}],"collection":[{"href":"https:\/\/saint-martin-des-champs78.eu\/index.php\/wp-json\/wp\/v2\/pages"}],"about":[{"href":"https:\/\/saint-martin-des-champs78.eu\/index.php\/wp-json\/wp\/v2\/types\/page"}],"author":[{"embeddable":true,"href":"https:\/\/saint-martin-des-champs78.eu\/index.php\/wp-json\/wp\/v2\/users\/1"}],"replies":[{"embeddable":true,"href":"https:\/\/saint-martin-des-champs78.eu\/index.php\/wp-json\/wp\/v2\/comments?post=59"}],"version-history":[{"count":19,"href":"https:\/\/saint-martin-des-champs78.eu\/index.php\/wp-json\/wp\/v2\/pages\/59\/revisions"}],"predecessor-version":[{"id":2183,"href":"https:\/\/saint-martin-des-champs78.eu\/index.php\/wp-json\/wp\/v2\/pages\/59\/revisions\/2183"}],"up":[{"embeddable":true,"href":"https:\/\/saint-martin-des-champs78.eu\/index.php\/wp-json\/wp\/v2\/pages\/2"}],"wp:attachment":[{"href":"https:\/\/saint-martin-des-champs78.eu\/index.php\/wp-json\/wp\/v2\/media?parent=59"}],"curies":[{"name":"wp","href":"https:\/\/api.w.org\/{rel}","templated":true}]}}