{"id":698,"date":"2021-03-31T17:06:21","date_gmt":"2021-03-31T15:06:21","guid":{"rendered":"http:\/\/saint-martin-des-champs78.eu\/?page_id=698"},"modified":"2025-04-11T16:52:11","modified_gmt":"2025-04-11T14:52:11","slug":"depute","status":"publish","type":"page","link":"https:\/\/saint-martin-des-champs78.eu\/index.php\/informations-utiles\/depute\/","title":{"rendered":"D\u00e9put\u00e9"},"content":{"rendered":"<h4 class=\"h1 _mt-small\">Mme Dieynaba Diop<strong><em> D\u00e9put\u00e9 Socialiste et apparent\u00e9 de la 9\u00e8me circonscription des Yvelines<\/em><\/strong><em>.<\/em><br \/>\nAdresse : Assembl\u00e9e nationale : 126 Rue de l&rsquo;Universit\u00e9, 75355 Paris 07 SP<\/h4>\n<h4 class=\"h1 _mt-small\">\u00a0 \u00a0 \u00a0 \u00a0 \u00a0 \u00a0 \u00a0 \u00a0 \u00a0 En circonscription : 47 Rue Aristide Briand 78130 Les Mureaux<\/h4>\n<h4 class=\"h1 _mt-small\"><a href=\"mailto:dieynaba.diop@assemblee-nationale.fr\"><em>dieynaba.diop@assemblee-nationale.fr<\/em><\/a><\/h4>\n<p>&nbsp;<\/p>\n","protected":false},"excerpt":{"rendered":"<p>Mme Dieynaba Diop D\u00e9put\u00e9 Socialiste et apparent\u00e9 de la 9\u00e8me circonscription des Yvelines. Adresse : Assembl\u00e9e nationale : 126 Rue de l&rsquo;Universit\u00e9, 75355 Paris 07 SP \u00a0 \u00a0 \u00a0 \u00a0&#8230; <a href=\"https:\/\/saint-martin-des-champs78.eu\/index.php\/informations-utiles\/depute\/\">Read more &raquo;<\/a><\/p>\n","protected":false},"author":1,"featured_media":0,"parent":205,"menu_order":0,"comment_status":"closed","ping_status":"closed","template":"","meta":{"footnotes":""},"class_list":["post-698","page","type-page","status-publish","hentry"],"_links":{"self":[{"href":"https:\/\/saint-martin-des-champs78.eu\/index.php\/wp-json\/wp\/v2\/pages\/698","targetHints":{"allow":["GET"]}}],"collection":[{"href":"https:\/\/saint-martin-des-champs78.eu\/index.php\/wp-json\/wp\/v2\/pages"}],"about":[{"href":"https:\/\/saint-martin-des-champs78.eu\/index.php\/wp-json\/wp\/v2\/types\/page"}],"author":[{"embeddable":true,"href":"https:\/\/saint-martin-des-champs78.eu\/index.php\/wp-json\/wp\/v2\/users\/1"}],"replies":[{"embeddable":true,"href":"https:\/\/saint-martin-des-champs78.eu\/index.php\/wp-json\/wp\/v2\/comments?post=698"}],"version-history":[{"count":11,"href":"https:\/\/saint-martin-des-champs78.eu\/index.php\/wp-json\/wp\/v2\/pages\/698\/revisions"}],"predecessor-version":[{"id":2024,"href":"https:\/\/saint-martin-des-champs78.eu\/index.php\/wp-json\/wp\/v2\/pages\/698\/revisions\/2024"}],"up":[{"embeddable":true,"href":"https:\/\/saint-martin-des-champs78.eu\/index.php\/wp-json\/wp\/v2\/pages\/205"}],"wp:attachment":[{"href":"https:\/\/saint-martin-des-champs78.eu\/index.php\/wp-json\/wp\/v2\/media?parent=698"}],"curies":[{"name":"wp","href":"https:\/\/api.w.org\/{rel}","templated":true}]}}